{"id":8227,"date":"2024-08-12T09:44:28","date_gmt":"2024-08-12T09:44:28","guid":{"rendered":"https:\/\/www.kozjanski-park.si\/eng\/?page_id=8227"},"modified":"2026-02-09T12:08:57","modified_gmt":"2026-02-09T11:08:57","slug":"blagovna-znamka-sozitje-kozjanski-park","status":"publish","type":"page","link":"https:\/\/www.kozjanski-park.si\/eng\/strokovni-del\/blagovna-znamka-sozitje-kozjanski-park\/","title":{"rendered":"SO\u017dITJE \u2013 KOZJANSKI PARK BRAND"},"content":{"rendered":"\t\t<div data-elementor-type=\"wp-page\" data-elementor-id=\"8227\" class=\"elementor elementor-8227\">\n\t\t\t\t<div class=\"elementor-element elementor-element-88ff4b3 e-flex e-con-boxed e-con e-parent\" data-id=\"88ff4b3\" data-element_type=\"container\">\n\t\t\t\t\t<div class=\"e-con-inner\">\n\t\t\t\t<div class=\"elementor-element elementor-element-d01f260 elementor-widget elementor-widget-image\" data-id=\"d01f260\" data-element_type=\"widget\" data-widget_type=\"image.default\">\n\t\t\t\t<div class=\"elementor-widget-container\">\n\t\t\t\t\t\t\t\t\t\t\t\t\t\t\t<img fetchpriority=\"high\" decoding=\"async\" width=\"353\" height=\"424\" src=\"https:\/\/www.kozjanski-park.si\/eng\/wp-content\/uploads\/2024\/08\/sozitje-kozjanski-park.jpg\" class=\"attachment-large size-large wp-image-8634\" alt=\"so\u017eitje kozjanski park\" srcset=\"https:\/\/www.kozjanski-park.si\/eng\/wp-content\/uploads\/2024\/08\/sozitje-kozjanski-park.jpg 353w, https:\/\/www.kozjanski-park.si\/eng\/wp-content\/uploads\/2024\/08\/sozitje-kozjanski-park-250x300.jpg 250w\" sizes=\"(max-width: 353px) 100vw, 353px\" \/>\t\t\t\t\t\t\t\t\t\t\t\t\t\t\t<\/div>\n\t\t\t\t<\/div>\n\t\t\t\t\t<\/div>\n\t\t\t\t<\/div>\n\t\t<div class=\"elementor-element elementor-element-663249f e-flex e-con-boxed e-con e-parent\" data-id=\"663249f\" data-element_type=\"container\">\n\t\t\t\t\t<div class=\"e-con-inner\">\n\t\t\t\t<div class=\"elementor-element elementor-element-4d5a4ad elementor-widget elementor-widget-text-editor\" data-id=\"4d5a4ad\" data-element_type=\"widget\" data-widget_type=\"text-editor.default\">\n\t\t\t\t<div class=\"elementor-widget-container\">\n\t\t\t\t\t\t\t\t\t<ul>\n<li>The <strong>collective brand So\u017eitje \u2013 Kozjanski park<\/strong> is designed to promote crops, products and services in the spirit of sustainable, nature-friendly production and processing that preserves the environment and nature. Products must be produced and processed in a way friendly to nature and people, and minimising the impact on the environment and nature. During their creation, use or content, the products must not be in the conflict with the protected area&#8217;s mission.<\/li>\n<\/ul>\n<p>The brand of \u201cHarmony \u2013 Kozjansko Park\u201d is open to farmers, craftsmen and organisations operating in the protected area of Kozjansko Regional Park and within Kozjansko and Obsotelje Biosphere Reserve.<\/p>\n<p>So far, 37 suppliers of produce and products have obtained the right to use the So\u017eitje \u2013 Kozjanski park brand.<\/p>\n<p>The right to use the So\u017eitje \u2013 Kozjanski park brand is awarded to providers each year at the Kozjansko Apple Festival.<\/p>\n<p><strong>&nbsp;<\/strong><\/p>\n<h2><span style=\"color: #339966;\">HOLDERS OF THE BRAND SO\u017dITJE \u2013 KOZJANSKI PARK<\/span><\/h2>\n<ul>\n<li>MARTIN \u0160MAL\u010cI\u010c, produce and products from the \u0160mal\u010di\u010d organic farm,&nbsp;<a href=\"mailto:ekoturizem@gmail.com\">ekoturizem@gmail.com<\/a><\/li>\n<li>MARKO KOSTAJN\u0160EK, manufacture of handicraft products,&nbsp;<a href=\"mailto:marko.kostajnsek@gmail.com\">kostajnsek@gmail.com<\/a><\/li>\n<li>JURIJ KRIVEC, organic farm, processing of cereals and baking of bread and pastries in the traditional way,&nbsp;<a href=\"mailto:krivecjurij@gmail.com\">krivecjurij@gmail.com<\/a><\/li>\n<li>TANJA and FRANCI VALEN\u010cAK, hand engraving on glass,&nbsp;<a href=\"mailto:graviart@gmail.com\">graviart@gmail.com<\/a><\/li>\n<li>MAJA KUKOVI\u010cI\u010c, produce and products from the Kukovi\u010di\u010d organic farm,&nbsp;<a href=\"mailto:maja.kukovicic@gmail.com\">kukovicic@gmail.com<\/a><\/li>\n<li>MIHA ZAKO\u0160EK, organic farm Zako\u0161ek,&nbsp;<a href=\"mailto:mihael.zakosek@gmail.com\">zakosek@gmail.com,&nbsp;<\/a><a href=\"http:\/\/www.ekozakosek.si\/\">si<\/a><\/li>\n<li>VLADIMIR PE\u010cNIK, artistic forging,&nbsp;<a href=\"http:\/\/kovastvo.pecnik@gmail.com\/\">pecnik@gmail.com<\/a><\/li>\n<li>LESI\u010cNO PRIMARY SCHOOL, eco school,&nbsp;<a href=\"mailto:o-lesicno.ce@guest.arnes.si\">o-lesicno.ce@guest.arnes.si<\/a><\/li>\n<li>DANICA CESAR, produce and products from the Cesar organic farm,&nbsp;<a href=\"http:\/\/cesardanica@gmail.com\/\">cesardanica@gmail.com<\/a><\/li>\n<li>IVAN PRESKAR, wickerwork made of natural materials<\/li>\n<li>BISTRICA OB SOTLI YOUTH ASSOCIATION,&nbsp;<a href=\"mailto:pisarnametulj@gmail.com\">pisarnametulj@gmail.com<\/a><\/li>\n<li>KARL \u010cADEJ, produce and products from organic farm,&nbsp;<a href=\"mailto:cadej.karl@siol.net\">karl@siol.net<\/a><\/li>\n<li>BISTRICA OB SOTLI PRIMARY SCHOOL, a healthy school,&nbsp;<a href=\"mailto:o-bos.ce@guest.arnes.si\">o-bos.ce@guest.arnes.si<\/a><\/li>\n<li>KUNEJ GIFT PACKAGING, making unique packaging from natural materials,&nbsp;<a href=\"mailto:embalaza.kunej@siol.net\">kunej@siol.net<\/a><\/li>\n<li>ALE\u0160 IVANC, produce and products from the Ivanc farm,&nbsp;<a href=\"mailto:info@kmetijaivanc.si\">info@kmetijaivanc.si<\/a><\/li>\n<li>KOZJE PRIMARY SCHOOL, cultural school,&nbsp;<a href=\"mailto:o-kozje.ce@guest.arnes.si\">o-kozje.ce@guest.arnes.si<\/a><\/li>\n<li>HERNAVS HOMESTEAD, HERBALIJA, for their chosen mission to preserve the more than 120-year-old Hernavs homestead,&nbsp;<a href=\"https:\/\/kozjanski-park.si\/info@herbalija.si\">info@herbalija.si<\/a><\/li>\n<li>VIDEC FARM \u0160ENTJUR, dairy products: a wide range of award-winning cheeses, yoghurts, whey and cottage cheese and natural soaps,&nbsp;<a href=\"mailto:sirarna.videc@gmail.com\">sirarnavidec@gmail.com<\/a><\/li>\n<li>OMERZU ORGANIC FARM, production and processing of walnuts, old apple varieties, lavender and beekeeping,&nbsp;<a href=\"mailto:kmetija.omerzu@gmail.com\">omerzu@gmail.com<\/a><\/li>\n<li>KOPRIVNICA PRIMARY SCHOOL,&nbsp;<a href=\"mailto:os.koprivnica@guest.arnes.si\">koprivnica@guest.arnes.si<\/a><\/li>\n<li>POLONA \u0160ERGON S.P., KU\u0160IN\u010cEK, making pads filled with fragrant dried herbs,&nbsp;<a href=\"mailto:polona.sergon@gmail.com\">sergon@gmail.com<\/a><\/li>\n<li>\u0160MAL\u010cI\u010c ALEKSANDER, TREB\u010cE CELLASR, beekeeping farm,&nbsp;<a href=\"mailto:sandi.smalcic@gmail.com\">smalcic@gmail.com<\/a><\/li>\n<li>KUNEJ FARM, cured meats, hot dogs, sausages, pumpkin oil, sauerkraut, apple juice,&nbsp;<a href=\"mailto:marko.kunej@gmail.com\">kunej@gmail.com<\/a><\/li>\n<li>KOZMUS BEEKEEPING, beekeeping products, beekeeping treasures: a mixture of honey, pollen and propolis,&nbsp;<a href=\"mailto:peter.kozmus@gmail.com\">kozmus@gmail.com<\/a><\/li>\n<li>KARMEN GAJ\u0160EK \u2013 KJE SO TISTE RO\u017dICE?, tea preserves, wild cuisine from wild edible plants, foraging tours and workshops,&nbsp;<a href=\"mailto:karmen.gaj@gmail.com\">gaj@gmail.com<\/a><\/li>\n<li>ROK \u0160MAL\u010cI\u010c, bee produce,&nbsp;<a href=\"mailto:rok.smalcic@gmail.com\">smalcic@gmail.com<\/a><\/li>\n<li>KATJA SINKOVI\u010c, milk and dairy products,&nbsp;<a href=\"mailto:katja.sinkovic@gmail.com\">sinkovic@gmail.com<\/a><\/li>\n<li>BLA\u017d ZAGMAJSTER, organic viticulture and winemaking,&nbsp;<a href=\"mailto:blaz.zagmajster@gmail.com\">zagmajster@gmail.com<\/a><\/li>\n<li>ANDREJ VODEB, fruit growing and fruit juice production,&nbsp;<a href=\"mailto:dejzzo@gmail.com\">dejzzo@gmail.com<\/a><\/li>\n<li>BOJANA &amp; MIRO HOMESTEAD \u2013 PREVORJE, fruit growing and production of fruit juices and other fruit products,&nbsp;<a href=\"mailto:bojana.jevsenak@gmail.com\">jevsenak@gmail.com<\/a><\/li>\n<li>TOURISM POD\u010cETRTEK, BISTRICA OB SOTLI AND KOZJE, GIZ,&nbsp;<a href=\"https:\/\/www.visitpodcetrtek.com\/\">com<\/a><\/li>\n<li>HONEYBEE FARM LOJEN, various types of honey (acacia, flower, linden, forest honey), propolis and flower pollen,&nbsp;<a href=\"mailto:zdenkalojen@gmail.com\">zdenkalojen@gmail.com<\/a><\/li>\n<li>DOREJA, Sanja Po\u010dival\u0161ek, natural hard soaps and unique handmade natural products,&nbsp;<a href=\"mailto:sanja.pocivalsek@gmail.com\">pocivalsek@gmail.com<\/a><\/li>\n<li>KUNEJ BOJAN, blacksmith products<\/li>\n<li>GLASSMAKERS&#8217; ASSOCIATION OF SLOVENIA, glass masterpieces,&nbsp;<a href=\"mailto:drustvosteklarjevslo@gmail.com\">drustvosteklarjevslo@gmail.com<\/a><\/li>\n<li><a style=\"transition-property: all;\" href=\"http:\/\/www.kozjanska-domacija.si\/\">KOZJANSKA DOMA\u010cIJA<\/a>, Bojan Gu\u010dek, info@kozjanska-domacija.si<\/li>\n<li><a style=\"transition-property: all;\" href=\"https:\/\/marof.net\/\">VINARSTVO IN APARTMAJI MAROF<\/a>, info@marof.net<br><br><\/li>\n<\/ul>\n<p><a href=\"https:\/\/kozjanski-park.si\/wp-content\/uploads\/2024\/08\/PRAVILNIK-Blagovna-znamka-SOZITJE-KOZJANSKI-PARK.pdf\"><strong>Regulations on the collective brand So\u017eitje \u2013 Kozjanski park<\/strong><\/a><\/p>\n<p><a href=\"https:\/\/kozjanski-park.si\/wp-content\/uploads\/2025\/02\/E-PUBLIKACIJA-SOZITJE-2024_small.pdf\"><strong>E publication of the winners of the So\u017eitje&nbsp;brand&nbsp;<\/strong><\/a><\/p>\n<p><\/p>\t\t\t\t\t\t\t\t<\/div>\n\t\t\t\t<\/div>\n\t\t\t\t\t<\/div>\n\t\t\t\t<\/div>\n\t\t\t\t<\/div>\n\t\t","protected":false},"excerpt":{"rendered":"<div class=\"tmnf_excerpt\"><p>The collective brand So\u017eitje \u2013 Kozjanski park is designed to promote crops, products and services in the spirit of sustainable, nature-friendly production and processing that preserves the environment and nature. Products must be produced and processed in a way friendly to nature and people, and minimising the impact on the environment and nature. During their &hellip;<\/p>\n<\/div>","protected":false},"author":1,"featured_media":0,"parent":8222,"menu_order":0,"comment_status":"closed","ping_status":"closed","template":"template-fullwidth.php","meta":{"_acf_changed":false,"_monsterinsights_skip_tracking":false,"_monsterinsights_sitenote_active":false,"_monsterinsights_sitenote_note":"","_monsterinsights_sitenote_category":0,"footnotes":""},"class_list":["post-8227","page","type-page","status-publish","hentry"],"acf":[],"aioseo_notices":[],"_links":{"self":[{"href":"https:\/\/www.kozjanski-park.si\/eng\/wp-json\/wp\/v2\/pages\/8227","targetHints":{"allow":["GET"]}}],"collection":[{"href":"https:\/\/www.kozjanski-park.si\/eng\/wp-json\/wp\/v2\/pages"}],"about":[{"href":"https:\/\/www.kozjanski-park.si\/eng\/wp-json\/wp\/v2\/types\/page"}],"author":[{"embeddable":true,"href":"https:\/\/www.kozjanski-park.si\/eng\/wp-json\/wp\/v2\/users\/1"}],"replies":[{"embeddable":true,"href":"https:\/\/www.kozjanski-park.si\/eng\/wp-json\/wp\/v2\/comments?post=8227"}],"version-history":[{"count":34,"href":"https:\/\/www.kozjanski-park.si\/eng\/wp-json\/wp\/v2\/pages\/8227\/revisions"}],"predecessor-version":[{"id":13880,"href":"https:\/\/www.kozjanski-park.si\/eng\/wp-json\/wp\/v2\/pages\/8227\/revisions\/13880"}],"up":[{"embeddable":true,"href":"https:\/\/www.kozjanski-park.si\/eng\/wp-json\/wp\/v2\/pages\/8222"}],"wp:attachment":[{"href":"https:\/\/www.kozjanski-park.si\/eng\/wp-json\/wp\/v2\/media?parent=8227"}],"curies":[{"name":"wp","href":"https:\/\/api.w.org\/{rel}","templated":true}]}}