{"id":9799,"date":"2025-01-20T16:40:21","date_gmt":"2025-01-20T16:40:21","guid":{"rendered":"https:\/\/www.kozjanski-park.si\/eng\/?page_id=9799"},"modified":"2026-02-09T12:29:56","modified_gmt":"2026-02-09T11:29:56","slug":"muzejske-zbirke","status":"publish","type":"page","link":"https:\/\/www.kozjanski-park.si\/eng\/strokovni-del\/kultura\/muzejske-zbirke\/","title":{"rendered":"MUSEUMS COLLECTIONS IN KOZJANSKO PARK"},"content":{"rendered":"\t\t<div data-elementor-type=\"wp-page\" data-elementor-id=\"9799\" class=\"elementor elementor-9799\">\n\t\t\t\t<div class=\"elementor-element elementor-element-6b650bb4 e-flex e-con-boxed e-con e-parent\" data-id=\"6b650bb4\" data-element_type=\"container\">\n\t\t\t\t\t<div class=\"e-con-inner\">\n\t\t\t\t<div class=\"elementor-element elementor-element-33d22b56 elementor-widget elementor-widget-text-editor\" data-id=\"33d22b56\" data-element_type=\"widget\" data-widget_type=\"text-editor.default\">\n\t\t\t\t<div class=\"elementor-widget-container\">\n\t\t\t\t\t\t\t\t\t<p>The Kozjansko park area prides itself on a number of museum collections and collections owned by private collectors. Some of them are designed to be viewed and show the creative mind of the former inhabitants of this area to visitors. You can visit the Javer\u0161ek homestead in Podsreda, a museum in Pod\u010detrtek with lots of agricultural equipment, works of fine art created by teachers at Pil\u0161tanj, the ethnographic collection of Marija Su\u0161nik, the majolka jars of Lea Babi\u010d and Travnik\u2019s collection of antiques in Bizeljsko, the Pleter\u0161nik homestead and Blacksmith&#8217;s museum in Pi\u0161ece, My Mother\u2019s Museum Classroom in Kozje, the Judiciary in Kozje, and the Krofl mill in Kozje.<\/p><p><strong>\u00a0<\/strong><\/p><h2><span style=\"color: #339966;\">Slovenian-Bavarian House, Podsreda <\/span><\/h2><p>The former chaplaincy is located opposite the parish church and is a typical example of the market town architecture. The house is an ethnological cultural monument and was converted into the headquarters of the Slovenian-Bavarian Society after extensive renovation. When, after some time, it stopped operating, the name was still preserved. After its renovation it was granted a triple function: it became a showroom, a meeting place for members of the society, and a location for religious education and practice of a church choir.<\/p><p>There are<a href=\"https:\/\/www.kozjanski-park.si\/eng\/lokalna-ponudba-nastanitve\/jabolcni-apartma\/\"> two \u201capple\u201d apartments<\/a> in the building.<\/p><p>Contact: Kozjansko Park<\/p><p><a href=\"https:\/\/maps.app.goo.gl\/Y9y9b5TRTYzQUFsZ6\">Location<\/a><\/p><p><img fetchpriority=\"high\" decoding=\"async\" class=\"alignnone wp-image-11276 size-full\" src=\"https:\/\/www.kozjanski-park.si\/eng\/wp-content\/uploads\/2025\/03\/Slovensko-bavarska-hisa-foto-Teo-Hrvoje-Orsanic-2.jpg\" alt=\"\" width=\"2362\" height=\"1577\" srcset=\"https:\/\/www.kozjanski-park.si\/eng\/wp-content\/uploads\/2025\/03\/Slovensko-bavarska-hisa-foto-Teo-Hrvoje-Orsanic-2.jpg 2362w, https:\/\/www.kozjanski-park.si\/eng\/wp-content\/uploads\/2025\/03\/Slovensko-bavarska-hisa-foto-Teo-Hrvoje-Orsanic-2-300x200.jpg 300w, https:\/\/www.kozjanski-park.si\/eng\/wp-content\/uploads\/2025\/03\/Slovensko-bavarska-hisa-foto-Teo-Hrvoje-Orsanic-2-1024x684.jpg 1024w, https:\/\/www.kozjanski-park.si\/eng\/wp-content\/uploads\/2025\/03\/Slovensko-bavarska-hisa-foto-Teo-Hrvoje-Orsanic-2-768x513.jpg 768w, https:\/\/www.kozjanski-park.si\/eng\/wp-content\/uploads\/2025\/03\/Slovensko-bavarska-hisa-foto-Teo-Hrvoje-Orsanic-2-370x247.jpg 370w, https:\/\/www.kozjanski-park.si\/eng\/wp-content\/uploads\/2025\/03\/Slovensko-bavarska-hisa-foto-Teo-Hrvoje-Orsanic-2-689x460.jpg 689w, https:\/\/www.kozjanski-park.si\/eng\/wp-content\/uploads\/2025\/03\/Slovensko-bavarska-hisa-foto-Teo-Hrvoje-Orsanic-2-1536x1026.jpg 1536w, https:\/\/www.kozjanski-park.si\/eng\/wp-content\/uploads\/2025\/03\/Slovensko-bavarska-hisa-foto-Teo-Hrvoje-Orsanic-2-2048x1367.jpg 2048w\" sizes=\"(max-width: 2362px) 100vw, 2362px\" \/><\/p><h2><span style=\"color: #339966;\">Javer\u0161ek homestead, Podsreda 93<\/span><\/h2><p>Marija Javer\u0161ek, the mother of Josip Broz Tito, was born here in 1864. In 1979, a part of the building was transformed into a museum, where you can see a lobby with black kitchen, a \u201chouse\u201d and a \u201cbedchamber\u201d. Premises are equipped with original furniture and represent the living culture of that time.<\/p><p>Javer\u0161ek homestead can be reached on foot from the parking lot in Treb\u010de (15 min). The path leads as over a picturesque wooden bridge across the Bistrica River, past a lime kiln where lime was once burned, and past Ne\u017ea\u2019s house where half a century ago a dressmaker named Ne\u017ea used to live. From here, there is a nice view of the entrance to the gorge of the Bistrica River, which is one of the most beautiful gorges in eastern Slovenia.<\/p><p>Contact: Kozjansko Park<\/p><p><a href=\"https:\/\/maps.app.goo.gl\/ZxzjNLjSvsTWXqnv8\">Location<\/a><\/p><p><img decoding=\"async\" class=\"alignnone wp-image-9817 size-full\" src=\"https:\/\/www.kozjanski-park.si\/eng\/wp-content\/uploads\/2025\/01\/9.37_javerskova.jpg\" alt=\"\" width=\"1400\" height=\"1050\" srcset=\"https:\/\/www.kozjanski-park.si\/eng\/wp-content\/uploads\/2025\/01\/9.37_javerskova.jpg 1400w, https:\/\/www.kozjanski-park.si\/eng\/wp-content\/uploads\/2025\/01\/9.37_javerskova-300x225.jpg 300w, https:\/\/www.kozjanski-park.si\/eng\/wp-content\/uploads\/2025\/01\/9.37_javerskova-1024x768.jpg 1024w, https:\/\/www.kozjanski-park.si\/eng\/wp-content\/uploads\/2025\/01\/9.37_javerskova-768x576.jpg 768w, https:\/\/www.kozjanski-park.si\/eng\/wp-content\/uploads\/2025\/01\/9.37_javerskova-386x290.jpg 386w\" sizes=\"(max-width: 1400px) 100vw, 1400px\" \/><\/p><h2><span style=\"color: #339966;\">Museum classroom \u201cMy mother&#8217;s School\u201d, Kozje<\/span><\/h2><p>A fellow inhabitant of Kozjansko, Marjan Marin\u0161ek, set up a museum classroom originating from the times of the Kingdom of Yugoslavia in the very centre of the town. It shows an entire classroom with wooden benches and a school blackboard. You can also take a look at the first Slovenian textbooks from the 19<sup>th<\/sup> and 20<sup>th<\/sup> centuries, first arithmetic books, old school tablets, old school bags, pens and feathers, images used for demonstration and other items, and the original door of the former school in Kozje.<\/p><p>More information: <a href=\"https:\/\/www.kozje.si\/objava\/194205\">https:\/\/www.kozje.si\/objava\/194205<\/a><\/p><p><a href=\"https:\/\/maps.app.goo.gl\/RbMok88bdWTqPd51A\">Location<\/a><\/p><p><img decoding=\"async\" class=\"alignnone size-full wp-image-9815\" src=\"https:\/\/www.kozjanski-park.si\/eng\/wp-content\/uploads\/2025\/01\/kozje-sola-moje-mame.jpg\" alt=\"kozje sola moje mame\" width=\"1400\" height=\"933\" srcset=\"https:\/\/www.kozjanski-park.si\/eng\/wp-content\/uploads\/2025\/01\/kozje-sola-moje-mame.jpg 1400w, https:\/\/www.kozjanski-park.si\/eng\/wp-content\/uploads\/2025\/01\/kozje-sola-moje-mame-300x200.jpg 300w, https:\/\/www.kozjanski-park.si\/eng\/wp-content\/uploads\/2025\/01\/kozje-sola-moje-mame-1024x682.jpg 1024w, https:\/\/www.kozjanski-park.si\/eng\/wp-content\/uploads\/2025\/01\/kozje-sola-moje-mame-768x512.jpg 768w\" sizes=\"(max-width: 1400px) 100vw, 1400px\" \/><\/p><h2><span style=\"color: #339966;\">Krofl Mill, Kozje<\/span><\/h2><p>At the end of the stream of Bister graben stands the Krofl homestead with two outbuildings. A house with a former mill and outbuilding is crammed onto a narrow shelf between the stream and an almost overhanging rock of the steep hill of Kozjek. Once it was the home of a miller, tinsmith, carpenter and industrial worker from the nearby industrial facility. There was also a saw mill here up to the first half of the 19<sup>th<\/sup> century.<\/p><p>The mill was renovated during 1998 and 2000. A permanent museum collection has been set up in the former residential area, with exhibitions hosted there from time to time.<\/p><p>More information: <a href=\"https:\/\/www.facebook.com\/kroflnovmlin\/\">https:\/\/www.facebook.com\/kroflnovmlin\/<\/a><\/p><p><a href=\"https:\/\/maps.app.goo.gl\/9Mq9X1Pue3fjeEJj9\">Location<\/a><\/p><p><img loading=\"lazy\" decoding=\"async\" class=\"alignnone size-full wp-image-9811\" src=\"https:\/\/www.kozjanski-park.si\/eng\/wp-content\/uploads\/2025\/01\/Kroflnov-mlin-2018-10.jpg\" alt=\"\" width=\"1400\" height=\"933\" srcset=\"https:\/\/www.kozjanski-park.si\/eng\/wp-content\/uploads\/2025\/01\/Kroflnov-mlin-2018-10.jpg 1400w, https:\/\/www.kozjanski-park.si\/eng\/wp-content\/uploads\/2025\/01\/Kroflnov-mlin-2018-10-300x200.jpg 300w, https:\/\/www.kozjanski-park.si\/eng\/wp-content\/uploads\/2025\/01\/Kroflnov-mlin-2018-10-1024x682.jpg 1024w, https:\/\/www.kozjanski-park.si\/eng\/wp-content\/uploads\/2025\/01\/Kroflnov-mlin-2018-10-768x512.jpg 768w\" sizes=\"(max-width: 1400px) 100vw, 1400px\" \/><\/p><h2><span style=\"color: #339966;\">Judiciary in Kozje, Kozje<\/span><\/h2><p>The court and the prison moved to the Municipal Home in 1932. An exhibition under the name Judiciary in Kozje occupies the former prison cells. In the individual cells, the work of the court in Kozje, office remnants of the local court in Kozje, various material from the court and notary, and the last showroom represents a prison cell from the time when the prison was still operating.<\/p><p>More information: <a href=\"https:\/\/www.kozje.si\/objava\/202591\">https:\/\/www.kozje.si\/objava\/202591<\/a><\/p><p><img loading=\"lazy\" decoding=\"async\" class=\"alignnone size-full wp-image-9816\" src=\"https:\/\/www.kozjanski-park.si\/eng\/wp-content\/uploads\/2025\/01\/Zapori-Kozje-6.jpg\" alt=\"Zapori Kozje \" width=\"1400\" height=\"933\" srcset=\"https:\/\/www.kozjanski-park.si\/eng\/wp-content\/uploads\/2025\/01\/Zapori-Kozje-6.jpg 1400w, https:\/\/www.kozjanski-park.si\/eng\/wp-content\/uploads\/2025\/01\/Zapori-Kozje-6-300x200.jpg 300w, https:\/\/www.kozjanski-park.si\/eng\/wp-content\/uploads\/2025\/01\/Zapori-Kozje-6-1024x682.jpg 1024w, https:\/\/www.kozjanski-park.si\/eng\/wp-content\/uploads\/2025\/01\/Zapori-Kozje-6-768x512.jpg 768w\" sizes=\"(max-width: 1400px) 100vw, 1400px\" \/><\/p><h2><span style=\"color: #339966;\">Pleter\u0161nik homestead, Pi\u0161ece<\/span><\/h2><p>Maks Pleter\u0161nik (1840\u20131923), a great Slovenian linguist, was born and buried in Pi\u0161ece. He became part of the history of the Slovenian people with his most important work \u2013 the Slovenian-German Dictionary. He collected and edited material for 20 years. A memorial collection has been set up in his place of birth. Three rooms showcase the furniture and personal items of Maks Pleter\u0161nik, most notably his books. The Society of the Pleter\u0161nik homestead looks after the homestead today and also organises Pleter\u0161nik Days.<\/p><p>More information: <a href=\"http:\/\/www.pletersnikova-domacija.si\">http:\/\/www.pletersnikova-domacija.si<\/a><\/p><p><a href=\"https:\/\/maps.app.goo.gl\/adwa1VfdEGyEZpeM7\">Location<\/a><\/p><p><img loading=\"lazy\" decoding=\"async\" class=\"alignnone wp-image-11293 size-full\" src=\"https:\/\/www.kozjanski-park.si\/eng\/wp-content\/uploads\/2025\/03\/Pletersnikova-domacija.jpg\" alt=\"\" width=\"2419\" height=\"1613\" srcset=\"https:\/\/www.kozjanski-park.si\/eng\/wp-content\/uploads\/2025\/03\/Pletersnikova-domacija.jpg 2419w, https:\/\/www.kozjanski-park.si\/eng\/wp-content\/uploads\/2025\/03\/Pletersnikova-domacija-300x200.jpg 300w, https:\/\/www.kozjanski-park.si\/eng\/wp-content\/uploads\/2025\/03\/Pletersnikova-domacija-1024x683.jpg 1024w, https:\/\/www.kozjanski-park.si\/eng\/wp-content\/uploads\/2025\/03\/Pletersnikova-domacija-768x512.jpg 768w, https:\/\/www.kozjanski-park.si\/eng\/wp-content\/uploads\/2025\/03\/Pletersnikova-domacija-370x247.jpg 370w, https:\/\/www.kozjanski-park.si\/eng\/wp-content\/uploads\/2025\/03\/Pletersnikova-domacija-690x460.jpg 690w, https:\/\/www.kozjanski-park.si\/eng\/wp-content\/uploads\/2025\/03\/Pletersnikova-domacija-1536x1024.jpg 1536w, https:\/\/www.kozjanski-park.si\/eng\/wp-content\/uploads\/2025\/03\/Pletersnikova-domacija-2048x1366.jpg 2048w\" sizes=\"(max-width: 2419px) 100vw, 2419px\" \/><\/p><h2><span style=\"color: #339966;\">Ethnographic collection of Marija Su\u0161nik, Bizeljsko <\/span><\/h2><p>Old Fil homestead is preserved in the nicest part of the wine route primarily connecting viticultural areas, and which houses the collection of Marija Su\u0161nik with around 2000 items. There is a permanent exhibition in the house and the outbuilding. Visitors can take a look at the agricultural equipment, containers, tools, books and photographs with an emphasis on viticulture. The items were donated by many of the inhabitants of Bizeljsko.<\/p><p>More information: <a href=\"https:\/\/www.bizeljsko.si\/stalna-etnografska-zbirka-marije-sunik\/\">https:\/\/www.bizeljsko.si\/stalna-etnografska-zbirka-marije-sunik\/<\/a><\/p><p><a href=\"https:\/\/maps.app.goo.gl\/xpdLDKGD9DnNJRNE7\">Location<\/a><\/p><p><img loading=\"lazy\" decoding=\"async\" class=\"alignnone wp-image-11300 size-full\" src=\"https:\/\/www.kozjanski-park.si\/eng\/wp-content\/uploads\/2025\/03\/Etnografska-zbirka-Marije-Susnik-5.jpg\" alt=\"\" width=\"1000\" height=\"750\" srcset=\"https:\/\/www.kozjanski-park.si\/eng\/wp-content\/uploads\/2025\/03\/Etnografska-zbirka-Marije-Susnik-5.jpg 1000w, https:\/\/www.kozjanski-park.si\/eng\/wp-content\/uploads\/2025\/03\/Etnografska-zbirka-Marije-Susnik-5-300x225.jpg 300w, https:\/\/www.kozjanski-park.si\/eng\/wp-content\/uploads\/2025\/03\/Etnografska-zbirka-Marije-Susnik-5-768x576.jpg 768w, https:\/\/www.kozjanski-park.si\/eng\/wp-content\/uploads\/2025\/03\/Etnografska-zbirka-Marije-Susnik-5-370x278.jpg 370w, https:\/\/www.kozjanski-park.si\/eng\/wp-content\/uploads\/2025\/03\/Etnografska-zbirka-Marije-Susnik-5-613x460.jpg 613w, https:\/\/www.kozjanski-park.si\/eng\/wp-content\/uploads\/2025\/03\/Etnografska-zbirka-Marije-Susnik-5-386x290.jpg 386w\" sizes=\"(max-width: 1000px) 100vw, 1000px\" \/><\/p>\t\t\t\t\t\t\t\t<\/div>\n\t\t\t\t<\/div>\n\t\t\t\t\t<\/div>\n\t\t\t\t<\/div>\n\t\t\t\t<\/div>\n\t\t","protected":false},"excerpt":{"rendered":"<div class=\"tmnf_excerpt\"><p>The Kozjansko park area prides itself on a number of museum collections and collections owned by private collectors. Some of them are designed to be viewed and show the creative mind of the former inhabitants of this area to visitors. You can visit the Javer\u0161ek homestead in Podsreda, a museum in Pod\u010detrtek with lots of &hellip;<\/p>\n<\/div>","protected":false},"author":1,"featured_media":9815,"parent":8233,"menu_order":0,"comment_status":"closed","ping_status":"closed","template":"template-fullwidth.php","meta":{"_acf_changed":false,"_monsterinsights_skip_tracking":false,"_monsterinsights_sitenote_active":false,"_monsterinsights_sitenote_note":"","_monsterinsights_sitenote_category":0,"footnotes":""},"class_list":["post-9799","page","type-page","status-publish","has-post-thumbnail","hentry"],"acf":[],"aioseo_notices":[],"_links":{"self":[{"href":"https:\/\/www.kozjanski-park.si\/eng\/wp-json\/wp\/v2\/pages\/9799","targetHints":{"allow":["GET"]}}],"collection":[{"href":"https:\/\/www.kozjanski-park.si\/eng\/wp-json\/wp\/v2\/pages"}],"about":[{"href":"https:\/\/www.kozjanski-park.si\/eng\/wp-json\/wp\/v2\/types\/page"}],"author":[{"embeddable":true,"href":"https:\/\/www.kozjanski-park.si\/eng\/wp-json\/wp\/v2\/users\/1"}],"replies":[{"embeddable":true,"href":"https:\/\/www.kozjanski-park.si\/eng\/wp-json\/wp\/v2\/comments?post=9799"}],"version-history":[{"count":49,"href":"https:\/\/www.kozjanski-park.si\/eng\/wp-json\/wp\/v2\/pages\/9799\/revisions"}],"predecessor-version":[{"id":13905,"href":"https:\/\/www.kozjanski-park.si\/eng\/wp-json\/wp\/v2\/pages\/9799\/revisions\/13905"}],"up":[{"embeddable":true,"href":"https:\/\/www.kozjanski-park.si\/eng\/wp-json\/wp\/v2\/pages\/8233"}],"wp:featuredmedia":[{"embeddable":true,"href":"https:\/\/www.kozjanski-park.si\/eng\/wp-json\/wp\/v2\/media\/9815"}],"wp:attachment":[{"href":"https:\/\/www.kozjanski-park.si\/eng\/wp-json\/wp\/v2\/media?parent=9799"}],"curies":[{"name":"wp","href":"https:\/\/api.w.org\/{rel}","templated":true}]}}